{"id":21,"date":"2024-09-20T13:31:40","date_gmt":"2024-09-20T11:31:40","guid":{"rendered":"https:\/\/csad-ad.cz\/?page_id=21"},"modified":"2025-03-24T14:18:17","modified_gmt":"2025-03-24T13:18:17","slug":"jizdni-rady","status":"publish","type":"page","link":"https:\/\/csad-ad.cz\/index.php\/jizdni-rady\/","title":{"rendered":"J\u00edzdn\u00ed \u0159\u00e1dy"},"content":{"rendered":"\n<p>Na\u0161e spole\u010dnost zaji\u0161\u0165uje dopravu na link\u00e1ch 375 a 377<br><br>Aktu\u00e1ln\u00ed j\u00edzdn\u00ed \u0159\u00e1dy naleznete na\u00a0<a href=\"https:\/\/pid.cz\/jizdni-rady-podle-linek\/\">J\u00edzdn\u00ed \u0159\u00e1dy podle linek | Pra\u017esk\u00e1 integrovan\u00e1 doprava<\/a><\/p>\n","protected":false},"excerpt":{"rendered":"<p>Na\u0161e spole\u010dnost zaji\u0161\u0165uje dopravu na link\u00e1ch 375 a 377 Aktu\u00e1ln\u00ed j\u00edzdn\u00ed \u0159\u00e1dy naleznete na\u00a0J\u00edzdn\u00ed \u0159\u00e1dy podle linek | Pra\u017esk\u00e1 integrovan\u00e1 doprava<\/p>\n","protected":false},"author":2,"featured_media":0,"parent":0,"menu_order":0,"comment_status":"closed","ping_status":"closed","template":"","meta":{"footnotes":""},"class_list":["post-21","page","type-page","status-publish","hentry"],"_links":{"self":[{"href":"https:\/\/csad-ad.cz\/index.php\/wp-json\/wp\/v2\/pages\/21","targetHints":{"allow":["GET"]}}],"collection":[{"href":"https:\/\/csad-ad.cz\/index.php\/wp-json\/wp\/v2\/pages"}],"about":[{"href":"https:\/\/csad-ad.cz\/index.php\/wp-json\/wp\/v2\/types\/page"}],"author":[{"embeddable":true,"href":"https:\/\/csad-ad.cz\/index.php\/wp-json\/wp\/v2\/users\/2"}],"replies":[{"embeddable":true,"href":"https:\/\/csad-ad.cz\/index.php\/wp-json\/wp\/v2\/comments?post=21"}],"version-history":[{"count":2,"href":"https:\/\/csad-ad.cz\/index.php\/wp-json\/wp\/v2\/pages\/21\/revisions"}],"predecessor-version":[{"id":75,"href":"https:\/\/csad-ad.cz\/index.php\/wp-json\/wp\/v2\/pages\/21\/revisions\/75"}],"wp:attachment":[{"href":"https:\/\/csad-ad.cz\/index.php\/wp-json\/wp\/v2\/media?parent=21"}],"curies":[{"name":"wp","href":"https:\/\/api.w.org\/{rel}","templated":true}]}}