{"id":26,"date":"2024-09-20T13:31:40","date_gmt":"2024-09-20T11:31:40","guid":{"rendered":"https:\/\/csad-ad.cz\/?page_id=26"},"modified":"2025-03-31T08:36:35","modified_gmt":"2025-03-31T06:36:35","slug":"prestupni-uzly","status":"publish","type":"page","link":"https:\/\/csad-ad.cz\/index.php\/prestupni-uzly\/","title":{"rendered":"P\u0159estupn\u00ed uzly"},"content":{"rendered":"\n<figure class=\"wp-block-table\"><table class=\"has-fixed-layout\"><thead><tr><th><strong>Schemata vybran\u00fdch p\u0159estupn\u00edch uzl\u016f na link\u00e1ch<\/strong><\/th><\/tr><\/thead><tbody><tr><td><a href=\"https:\/\/ropid.cz\/wp-content\/uploads\/mapy\/uzly-praha\/Ladvi.pdf\" target=\"_blank\" rel=\"noreferrer noopener\">Praha, L\u00e1dv\u00ed<\/a><\/td><\/tr><tr><td><a href=\"https:\/\/ropid.cz\/wp-content\/uploads\/mapy\/uzly-praha\/Letnany.pdf\" target=\"_blank\" rel=\"noreferrer noopener\">Praha, Let\u0148any<\/a><\/td><\/tr><tr><td><a href=\"https:\/\/ropid.cz\/wp-content\/uploads\/mapy\/uzly-praha\/Prosek.pdf\" target=\"_blank\" rel=\"noreferrer noopener\">Praha, Prosek<\/a><\/td><\/tr><tr><td><a href=\"https:\/\/ropid.cz\/wp-content\/uploads\/mapy\/uzly-praha\/Vysocanska.pdf\" target=\"_blank\" rel=\"noreferrer noopener\">Praha, Vyso\u010dansk\u00e1<\/a><\/td><\/tr><tr><td><a href=\"https:\/\/ropid.cz\/wp-content\/uploads\/mapy\/uzly-region\/Brandys-nad-Labem.pdf\" target=\"_blank\" rel=\"noreferrer noopener\">Brand\u00fds n.L., n\u00e1dra\u017e\u00ed + Brand\u00fds n.L., Pra\u017esk\u00e1<\/a><\/td><\/tr><tr><td><a href=\"https:\/\/ropid.cz\/wp-content\/uploads\/mapy\/uzly-region\/Stara-Boleslav.png\" target=\"_blank\" rel=\"noreferrer noopener\">Star\u00e1 Boleslav, autobusov\u00e9 stanovi\u0161t\u011b<\/a><\/td><\/tr><\/tbody><\/table><\/figure>\n","protected":false},"excerpt":{"rendered":"<p>Schemata vybran\u00fdch p\u0159estupn\u00edch uzl\u016f na link\u00e1ch Praha, L\u00e1dv\u00ed Praha, Let\u0148any Praha, Prosek Praha, Vyso\u010dansk\u00e1 Brand\u00fds n.L., n\u00e1dra\u017e\u00ed + Brand\u00fds n.L., Pra\u017esk\u00e1 Star\u00e1 Boleslav, autobusov\u00e9 stanovi\u0161t\u011b<\/p>\n","protected":false},"author":2,"featured_media":0,"parent":0,"menu_order":0,"comment_status":"closed","ping_status":"closed","template":"","meta":{"footnotes":""},"class_list":["post-26","page","type-page","status-publish","hentry"],"_links":{"self":[{"href":"https:\/\/csad-ad.cz\/index.php\/wp-json\/wp\/v2\/pages\/26","targetHints":{"allow":["GET"]}}],"collection":[{"href":"https:\/\/csad-ad.cz\/index.php\/wp-json\/wp\/v2\/pages"}],"about":[{"href":"https:\/\/csad-ad.cz\/index.php\/wp-json\/wp\/v2\/types\/page"}],"author":[{"embeddable":true,"href":"https:\/\/csad-ad.cz\/index.php\/wp-json\/wp\/v2\/users\/2"}],"replies":[{"embeddable":true,"href":"https:\/\/csad-ad.cz\/index.php\/wp-json\/wp\/v2\/comments?post=26"}],"version-history":[{"count":4,"href":"https:\/\/csad-ad.cz\/index.php\/wp-json\/wp\/v2\/pages\/26\/revisions"}],"predecessor-version":[{"id":107,"href":"https:\/\/csad-ad.cz\/index.php\/wp-json\/wp\/v2\/pages\/26\/revisions\/107"}],"wp:attachment":[{"href":"https:\/\/csad-ad.cz\/index.php\/wp-json\/wp\/v2\/media?parent=26"}],"curies":[{"name":"wp","href":"https:\/\/api.w.org\/{rel}","templated":true}]}}