{"id":29,"date":"2024-09-20T13:31:40","date_gmt":"2024-09-20T11:31:40","guid":{"rendered":"https:\/\/csad-ad.cz\/?page_id=29"},"modified":"2025-03-31T08:33:29","modified_gmt":"2025-03-31T06:33:29","slug":"pracovni-prilezitosti","status":"publish","type":"page","link":"https:\/\/csad-ad.cz\/index.php\/pracovni-prilezitosti\/","title":{"rendered":"Pracovn\u00ed p\u0159\u00edle\u017eitosti"},"content":{"rendered":"\n<p class=\"has-medium-font-size\"><strong>AD St\u0159edn\u00ed \u010cechy, s.r.o.<\/strong><\/p>\n\n\n\n<p><strong>p\u0159ijme v r\u00e1mci dal\u0161\u00edho rozvoje firmy\u00a0ve Va\u0161em regionu<br><br>\u0158IDI\u010cE\/\u0158IDI\u010cKY AUTOBUS\u016e<\/strong><br><strong>pro oblast\u00a0 Brand\u00fdsa n.\/L- Star\u00e9 Boleslavi, Kostelce nad Labem a okol\u00ed<br>\u00a0( HPP, vhodn\u00e9 i jako VPP, p\u0159\u00edpadn\u011b pro d\u016fchodce)<br><\/strong><br>na tel.\u00a0 +420 326 911 954 \u2013 Ing. Holas, +420 730 848 762<br>nebo : e-mail : <a href=\"mailto:holas@csad-me.cz\">holas@csad-me.cz<\/a><\/p>\n\n\n\n<figure class=\"wp-block-image size-full\"><img fetchpriority=\"high\" decoding=\"async\" width=\"721\" height=\"1024\" src=\"https:\/\/csad-ad.cz\/wp-content\/uploads\/2025\/03\/ADSC_2025_letak.jpg\" alt=\"\" class=\"wp-image-102\" srcset=\"https:\/\/csad-ad.cz\/wp-content\/uploads\/2025\/03\/ADSC_2025_letak.jpg 721w, https:\/\/csad-ad.cz\/wp-content\/uploads\/2025\/03\/ADSC_2025_letak-211x300.jpg 211w\" sizes=\"(max-width: 721px) 100vw, 721px\" \/><\/figure>\n","protected":false},"excerpt":{"rendered":"<p>AD St\u0159edn\u00ed \u010cechy, s.r.o. p\u0159ijme v r\u00e1mci dal\u0161\u00edho rozvoje firmy\u00a0ve Va\u0161em regionu \u0158IDI\u010cE\/\u0158IDI\u010cKY AUTOBUS\u016epro oblast\u00a0 Brand\u00fdsa n.\/L- Star\u00e9 Boleslavi, Kostelce nad Labem a okol\u00ed\u00a0( HPP, vhodn\u00e9 i jako VPP, p\u0159\u00edpadn\u011b pro d\u016fchodce)na tel.\u00a0 +420 326 911 954 \u2013 Ing. Holas, +420 730 848 762nebo : e-mail : holas@csad-me.cz<\/p>\n","protected":false},"author":2,"featured_media":0,"parent":0,"menu_order":0,"comment_status":"closed","ping_status":"closed","template":"","meta":{"footnotes":""},"class_list":["post-29","page","type-page","status-publish","hentry"],"_links":{"self":[{"href":"https:\/\/csad-ad.cz\/index.php\/wp-json\/wp\/v2\/pages\/29","targetHints":{"allow":["GET"]}}],"collection":[{"href":"https:\/\/csad-ad.cz\/index.php\/wp-json\/wp\/v2\/pages"}],"about":[{"href":"https:\/\/csad-ad.cz\/index.php\/wp-json\/wp\/v2\/types\/page"}],"author":[{"embeddable":true,"href":"https:\/\/csad-ad.cz\/index.php\/wp-json\/wp\/v2\/users\/2"}],"replies":[{"embeddable":true,"href":"https:\/\/csad-ad.cz\/index.php\/wp-json\/wp\/v2\/comments?post=29"}],"version-history":[{"count":6,"href":"https:\/\/csad-ad.cz\/index.php\/wp-json\/wp\/v2\/pages\/29\/revisions"}],"predecessor-version":[{"id":105,"href":"https:\/\/csad-ad.cz\/index.php\/wp-json\/wp\/v2\/pages\/29\/revisions\/105"}],"wp:attachment":[{"href":"https:\/\/csad-ad.cz\/index.php\/wp-json\/wp\/v2\/media?parent=29"}],"curies":[{"name":"wp","href":"https:\/\/api.w.org\/{rel}","templated":true}]}}