{"id":30,"date":"2024-09-20T13:31:40","date_gmt":"2024-09-20T11:31:40","guid":{"rendered":"https:\/\/csad-ad.cz\/?page_id=30"},"modified":"2025-03-24T14:37:43","modified_gmt":"2025-03-24T13:37:43","slug":"kontakty","status":"publish","type":"page","link":"https:\/\/csad-ad.cz\/index.php\/kontakty\/","title":{"rendered":"Kontakty"},"content":{"rendered":"\n<p>AD St\u0159edn\u00ed \u010cechy, s.r.o., K\u00a0P\u0159\u00edvozu 3951, 276 01 M\u011bln\u00edk\u00a0\u00a0\u00a0\u00a0\u00a0\u00a0\u00a0\u00a0\u00a0\u00a0\u00a0\u00a0\u00a0\u00a0\u00a0\u00a0\u00a0\u00a0\u00a0\u00a0\u00a0\u00a0\u00a0\u00a0\u00a0\u00a0\u00a0\u00a0\u00a0\u00a0\u00a0\u00a0\u00a0\u00a0\u00a0\u00a0\u00a0\u00a0\u00a0\u00a0\u00a0\u00a0\u00a0\u00a0\u00a0\u00a0\u00a0\u00a0\u00a0\u00a0\u00a0\u00a0\u00a0\u00a0\u00a0\u00a0\u00a0\u00a0\u00a0\u00a0\u00a0\u00a0\u00a0\u00a0\u00a0\u00a0\u00a0\u00a0\u00a0\u00a0\u00a0\u00a0\u00a0\u00a0\u00a0\u00a0\u00a0\u00a0\u00a0\u00a0\u00a0\u00a0\u00a0<br>Zaps\u00e1na u M\u011bstsk\u00e9ho soudu v\u00a0Praze dne 20.11. 2020, odd\u00edl C, vlo\u017eka 340854<br><br>I\u010cO: 09707212<\/p>\n\n\n\n<p>datov\u00e1 schr\u00e1nka : <strong>vpdtj9f<\/strong><br><\/p>\n\n\n\n<p>telefon &#8211; dispe\u010der 326 911 954 (prac.dny 7,00-16,00h)<\/p>\n\n\n\n<p><\/p>\n","protected":false},"excerpt":{"rendered":"<p>AD St\u0159edn\u00ed \u010cechy, s.r.o., K\u00a0P\u0159\u00edvozu 3951, 276 01 M\u011bln\u00edk\u00a0\u00a0\u00a0\u00a0\u00a0\u00a0\u00a0\u00a0\u00a0\u00a0\u00a0\u00a0\u00a0\u00a0\u00a0\u00a0\u00a0\u00a0\u00a0\u00a0\u00a0\u00a0\u00a0\u00a0\u00a0\u00a0\u00a0\u00a0\u00a0\u00a0\u00a0\u00a0\u00a0\u00a0\u00a0\u00a0\u00a0\u00a0\u00a0\u00a0\u00a0\u00a0\u00a0\u00a0\u00a0\u00a0\u00a0\u00a0\u00a0\u00a0\u00a0\u00a0\u00a0\u00a0\u00a0\u00a0\u00a0\u00a0\u00a0\u00a0\u00a0\u00a0\u00a0\u00a0\u00a0\u00a0\u00a0\u00a0\u00a0\u00a0\u00a0\u00a0\u00a0\u00a0\u00a0\u00a0\u00a0\u00a0\u00a0\u00a0\u00a0\u00a0\u00a0Zaps\u00e1na u M\u011bstsk\u00e9ho soudu v\u00a0Praze dne 20.11. 2020, odd\u00edl C, vlo\u017eka 340854 I\u010cO: 09707212 datov\u00e1 schr\u00e1nka : vpdtj9f telefon &#8211; dispe\u010der 326 911 954 (prac.dny 7,00-16,00h)<\/p>\n","protected":false},"author":2,"featured_media":0,"parent":0,"menu_order":0,"comment_status":"closed","ping_status":"closed","template":"","meta":{"footnotes":""},"class_list":["post-30","page","type-page","status-publish","hentry"],"_links":{"self":[{"href":"https:\/\/csad-ad.cz\/index.php\/wp-json\/wp\/v2\/pages\/30","targetHints":{"allow":["GET"]}}],"collection":[{"href":"https:\/\/csad-ad.cz\/index.php\/wp-json\/wp\/v2\/pages"}],"about":[{"href":"https:\/\/csad-ad.cz\/index.php\/wp-json\/wp\/v2\/types\/page"}],"author":[{"embeddable":true,"href":"https:\/\/csad-ad.cz\/index.php\/wp-json\/wp\/v2\/users\/2"}],"replies":[{"embeddable":true,"href":"https:\/\/csad-ad.cz\/index.php\/wp-json\/wp\/v2\/comments?post=30"}],"version-history":[{"count":3,"href":"https:\/\/csad-ad.cz\/index.php\/wp-json\/wp\/v2\/pages\/30\/revisions"}],"predecessor-version":[{"id":101,"href":"https:\/\/csad-ad.cz\/index.php\/wp-json\/wp\/v2\/pages\/30\/revisions\/101"}],"wp:attachment":[{"href":"https:\/\/csad-ad.cz\/index.php\/wp-json\/wp\/v2\/media?parent=30"}],"curies":[{"name":"wp","href":"https:\/\/api.w.org\/{rel}","templated":true}]}}